2 + 28*q**2 + 11 - 12*q**2. Let n be f(-9). What is the tens digit of w(n)?
5
Let f = 155098 + -219293. What is the tens digit of (4/5)/((-37)/f)?
8
Suppose -32 = -0*t - 4*t. Let x(n) = n**3 - 5*n**2 - 17*n - 12. What is the units digit of x(t)?
4
Let r(z) = 6*z**2 + 8*z. Suppose 0*o = -8*o - 288. Let x be (-60)/14 - (-2 + o/(-21)). What is the tens digit of r(x)?
6
Let k = 1737 - 795. Let b = -540 + k. Suppose 0 = 5*r - l - b, 0*l = -r - 4*l + 72. What is the units digit of r?
0
Let i = 18 + -26. Let b = 78 + i. Suppose 4*x - b = 2*l, 2*x - 6*x - 5*l = -91. What is the units digit of x?
9
Let z(l) be the second derivative of -10*l**3/3 + 24*l**2 + 10*l. What is the tens digit of z(-6)?
6
Let z(j) = j**2 - 3*j - 52. Let t be z(-6). What is the units digit of (-10)/(-30)*438/t?
3
Let u = 288 - 197. Let w(a) = 48*a + 2 - u*a + 67*a. What is the hundreds digit of w(10)?
2
Let j(o) = 16*o + 5. Suppose -128 = 5*t - m - 3*m, -2*m + 78 = -3*t. Let p = 45 + t. What is the hundreds digit of j(p)?
2
Suppose -2*m + 12 = 2*m. Suppose 0 = 8*q - m*q - 385. Suppose 21 = -k + q. What is the units digit of k?
6
Suppose 135*g - 1036363 = -469267 + 1492194. What is the hundreds digit of g?
2
What is the hundreds digit of ((-336)/(-252))/((-8)/(-33498)) + 2 + -4?
5
Let s(b) = -b**2 - 95*b - 1068. What is the units digit of s(-53)?
8
Suppose 7*n = -11*n - 5*n + 118059. What is the units digit of n?
3
Let w(u) = -5*u**3 - 5*u**2 - 8*u + 13. Let f be w(-7). Let y = -407 + f. What is the thousands digit of y?
1
Suppose 21404 = 14*w - 1290. Let f = w - 901. What is the tens digit of f?
2
Let t(a) = -1933*a + 1500. What is the thousands digit of t(-14)?
8
Let v(t) = -t**2 + 3*t - 1. Let m be v(2). Suppose -m - 5 = -2*b. What is the units digit of (3/b - -165)*(-2)/(-4)?
3
Suppose -132 = 2*j - 140. Suppose -775 = -j*z + 737. What is the hundreds digit of z?
3
Suppose q = -5*f + 36, -4*q - 42 = 3*f - 135. Let w(x) = 4*x + 74. What is the units digit of w(q)?
8
Suppose 27 - 45 = 2*o. What is the thousands digit of (-4)/((-16)/6)*(-6132)/o?
1
Let k be ((-8)/3)/(5 + (-85)/15). Let s be (-1 - 2/(-4))/(k/(-4400)). Let n = -328 + s. What is the hundreds digit of n?
2
Suppose -a + 4*n - 54 = -3*a, -2*n = -a + 7. Let d = 3 + a. Suppose v - 2*l = 9, 2*v - 5*l + 2*l = d. What is the tens digit of v?
1
Let r = -235 - -233. What is the units digit of -4*(130/(-6) + r/6)?
8
Suppose -y + 0*y = 3. Let a be (-101)/(4/(-457 + y)). What is the hundreds digit of (-1)/4 - a/(-92)?
1
Let j(h) = -h**3 + h - 3. Let w be j(-2). Suppose 0 = w*k + 3, -2*l + 301 = -l + 5*k. What is the units digit of l?
6
Let p = -4183 + 6934. What is the tens digit of p?
5
Suppose -2254371 = -349*n + 13156771. What is the tens digit of n?
5
Let g = -529 + 1539. Suppose 4*d = 5*v + 1326, 7*d - 10*d - 4*v = -g. What is the tens digit of d?
3
Let q(n) = n**3 + 10*n**2 - 20*n + 13. Let x be q(-13). Let f = -151 - x. What is the tens digit of f?
8
Suppose d - h - 1855 = 0, 112*d - 117*d - 4*h + 9311 = 0. What is the hundreds digit of d?
8
Let o be 1 + 27/(-24) - (-39699)/24. Suppose 0 = -4*n - 166 + o. Suppose j - n = -j. What is the tens digit of j?
8
Let x(t) = -t**3 + 8*t**2 + 10*t - 1. Suppose 6 - 69 = -7*d. Let h be x(d). Let r(j) = -j**3 + 7*j**2 + 14*j - 18. What is the units digit of r(h)?
0
Let b be -3 - ((-90)/135 - (-44)/(-6)). Let x be (2590/21)/(4/18). Suppose b*f + 0*f = x. What is the units digit of f?
1
Let w = 550 - 524. Suppose -14*m = -w*m + 11904. What is the tens digit of m?
9
Suppose -3*b - 10 = y, -4*y = -2*b - 14 - 2. Suppose -y - 2 = -2*c. Suppose 3*h = -t + 383, 3*t - c*t = -h + 127. What is the units digit of h?
8
Suppose -31*s = 67*s - 30*s - 556580. What is the units digit of s?
5
Suppose 23*q - 170641 = 80082. What is the tens digit of q?
0
Let c = -171 + 174. Suppose 0*a + 3*z + 226 = a, -6 = -c*z. What is the hundreds digit of a?
2
Suppose -j + 8 - 5 = 0. Suppose -2 = -j*p + 34. Let m = 1 + p. What is the tens digit of m?
1
Suppose -6*z + 253 = -17. Suppose 7*h = 46 + z. Let k(w) = 2*w**2 - 10*w - 17. What is the tens digit of k(h)?
9
Let d = 1 - 0. Let c be (-15)/(-12) - d/4. Let r(v) = 195*v + 1. What is the units digit of r(c)?
6
Let j(s) = -63*s**3 - 5*s**2 - 59*s + 7. What is the tens digit of j(-5)?
5
Let n(a) be the third derivative of -17*a**4/4 + 557*a**3/6 + 2*a**2 + 11. What is the tens digit of n(-11)?
7
Suppose -14*c - 294 + 70 = 0. Let l(u) = u**3 + 19*u**2 - 24*u - 42. What is the hundreds digit of l(c)?
1
Suppose -793*f - 209418 = -797*f + 2*n, -3*f - n + 157051 = 0. What is the units digit of f?
2
What is the ten thousands digit of 726/4*109/(-2)*204/(-153)?
1
Let l(k) = -2*k + 24. Let z(t) = 7*t - 13. Let q be z(10). Let n be (-38)/q + 10/6 - -2. What is the units digit of l(n)?
8
Let s be (-1)/((-1)/2) - 0/(-4). What is the tens digit of (819/6 - s) + 2/(-4)?
3
Let a = -147 + 100. What is the units digit of -1 + 276 - (a + 46)?
6
Let x(j) = -j + 8. Let y be x(7). Let o(w) = 3*w + 2. Let t be o(y). Suppose -111 = -t*h + 139. What is the units digit of h?
0
Suppose 2*z = v + 4, 5*z + 2*v - 10 = 7*v. Suppose -i + 1 = z, 4*i + 186 = 2*o. What is the units digit of o?
1
Let n = 47429 + 2442. What is the hundreds digit of n?
8
Suppose 0 = x - 13*x + 186568 + 284540. What is the units digit of x?
9
Suppose -4*c + 64617 = -t, 21*c - 4*t + 64592 = 25*c. What is the hundreds digit of c?
1
Let c = -379 + 384. Suppose 4856 = c*o + 226. What is the tens digit of o?
2
Let r = -48424 + 105217. What is the thousands digit of r?
6
Suppose 5*q = 16*q + 22. What is the units digit of 58 - 35 - (q - -5*1)?
0
Suppose 0 = -8*z + 36*z - 61572. Suppose -z = -2*q + 507. What is the thousands digit of q?
1
Suppose 2*m = 3381 + 5545. Suppose -m = -10*b - 1333. Let c = b - 138. What is the units digit of c?
5
Let k be 26/8 - (-4 - 85/(-20)). Suppose 5*y + 5 - 15 = k*c, 8 = 4*y - 3*c. Suppose -y*q - 27 = -147. What is the tens digit of q?
6
Let n(l) = -l**2 + l + 1. Let d(q) = q**3 - 8*q**2 + 12*q + 34. Let z(u) = -d(u) + 5*n(u). What is the hundreds digit of z(-9)?
0
Let v(u) = 311*u**2 + 40*u + 8. What is the units digit of v(-5)?
3
What is the units digit of 80180/12 - ((-40)/(-15))/4?
1
Suppose -7*l - 125*l + 549959 = 17*l. What is the thousands digit of l?
3
Let r(v) = -1409*v**3 + v**2 + 10*v + 13. Let l(s) = 1409*s**3 - s**2 - 10*s - 14. Let j(m) = 3*l(m) + 4*r(m). What is the tens digit of j(-1)?
1
Suppose -4*k - 4 = 0, -5*g + 12 = -2*k - 10. Suppose -31 = -t - 5*v + 8, -g*v = -5*t + 340. What is the units digit of t?
4
Let z(t) = 682*t**2 - 130*t - 509. What is the thousands digit of z(-4)?
0
Let r = 35 - 35. Suppose r = -33*k + 28*k + 70. Let v(m) = -m**3 + 13*m**2 + 14*m + 10. What is the tens digit of v(k)?
1
Suppose 3*j - 27 = 3*b, -4*b - 1 = 7*j - 4*j. What is the hundreds digit of 3 - (b/14 - (-78948)/(-189))?
4
Let p be 3*53/3 + -2. Let f = -51 + p. Suppose 54*g - 50*g - 360 = f. What is the units digit of g?
0
Let o be 2 + 8/(-5) - 4638/(-5). Let k = o + -424. What is the hundreds digit of k?
5
Let j(o) = -288*o - 308. What is the hundreds digit of j(-35)?
7
Let o be ((-36)/(-21))/1*(1 + 6). Suppose -z + o = z. Suppose -z*j + 301 = -35. What is the units digit of j?
6
Let y(u) = u + 146. Let j be y(22). Let m be 5 + -2 - (1 - 3). Suppose m*x = -j + 788. What is the tens digit of x?
2
Suppose -25*t = -11*t - 1218. What is the units digit of -5 + ((-76)/(-6))/(2/t)?
6
Suppose -2*n - 9 = -2*d + d, -8 = 2*n. Let r(f) = 138*f**2 + 8*f - 7. What is the units digit of r(d)?
9
Suppose 1017 = 21*i - 24*i. Let y = i - -684. What is the tens digit of y?
4
Let r(u) = -u**3 - 6*u**2 - 5*u + 3. Let m be r(-5). Suppose 5*a + m*l + 2*l = 35, 3*a - 6 = 2*l. What is the tens digit of (40/(-30))/(a/(-246))?
8
Let v(h) = -79*h + 17. Let z be v(2). Let t = z - -141. Suppose d - 2*k - 102 = -t*d, 0 = -5*d + 4*k + 528. What is the tens digit of d?
0
Suppose 0 = p - 4*s - 2220, 3*p - 4*s - 3210 = 3394. What is the thousands digit of p?
2
Let l = 6 + -3. Suppose -550 = -l*i + 830. What is the hundreds digit of i?
4
Let n(t) = -t**3 + 9*t**2 + 18*t + 6. Let q be n(9). Let m = 41 + q. Suppose 5*k + m = 709. What is the units digit of k?
0
Suppose 2*k - 6*m = -7*m + 321, 0 = 4*m - 20. What is the hundr